 + 15*f**2 + 2*f - 9. What are the prime factors of u(r)?
3, 53
Let b(n) = -5*n + 1. Let m = -15 - -22. Let j = 5 - m. List the prime factors of b(j).
11
Let s(a) = -a**2 + 6*a - 6. Let h be (-5 - -3)/((-1)/3). Let l be s(h). List the prime factors of ((-40)/3)/(2/l).
2, 5
Let v(s) = -5*s - 17. Let l be v(-7). Suppose 2*w + 3*g - 6 = l, 0 = -w + 2*g + 26. What are the prime factors of w?
2, 3
Suppose -2*y + 24 = -4*p, -3*y + 6*p = p - 31. Let t = 1 - 1. Suppose 0 = -4*m - 4 - t, y*r - 58 = -2*m. What are the prime factors of r?
2, 3, 5
Let u(t) = -156*t + 68. List the prime factors of u(-8).
2, 7, 47
Let o(v) = 4*v - 4. Let y be -3 - (-2 + 8/2). Let u = y + 10. What are the prime factors of o(u)?
2
Let j(y) = y**3 - 21*y**2 + 35*y + 5. List the prime factors of j(21).
2, 5, 37
Let w(o) = 20*o**2 + 2*o. Let g(m) = -m**2 - 11*m - 17. Let y be g(-9). What are the prime factors of w(y)?
2, 11
Suppose -2*h + 1237 = 3*o, -2*h - o + 1859 = h. What are the prime factors of h?
2, 5, 31
Suppose 38 + 32 = 5*a. Let d(z) be the first derivative of -z**4/4 + 14*z**3/3 + z**2 - 9*z - 10. What are the prime factors of d(a)?
19
Let o(j) be the second derivative of 7*j**3/6 + 15*j**2/2 - 11*j. What are the prime factors of o(9)?
2, 3, 13
Suppose -k - 3*l + 35 = k, 5 = l. Suppose -2*d + 44 = 4*u - 0*u, 0 = -5*u - 4*d + 49. Let s = u + k. What are the prime factors of s?
23
Suppose 0 = 5*n - 6*n + 7. Suppose -3*m + n*m - 32 = 0. Suppose 0 = 2*h - m - 4. What are the prime factors of h?
2, 3
Let o(d) = -2*d**3 - 8*d**2 - d + 1. Let q be o(-4). Suppose 0 = q*g, -3*g = -0*z + z - 80. List the prime factors of z.
2, 5
Suppose -3*x + 5*a + 15 = 220, -4*x = 5*a + 285. Let l = 115 + x. List the prime factors of l.
3, 5
Suppose -5*j + n - 5*n + 81 = 0, -55 = -3*j + 4*n. Let g = j - 1. Let x = g - 4. List the prime factors of x.
2, 3
Suppose 4*o = -2*d + 696, -2*d + 2*o = -597 - 105. What are the prime factors of d?
2, 5, 7
Suppose -a - 10 = -3*a. Suppose -4*d + 239 + 248 = x, a*x + 249 = 2*d. What are the prime factors of d?
2, 61
Suppose 2*d - 2895 = 3*w - 8*w, -4*w + 2316 = d. List the prime factors of w.
3, 193
Suppose -4*k = -2*k - 82. Let i = 85 - k. What are the prime factors of i?
2, 11
Suppose 3*o - 42 = o. Let i(k) = -k**2 - 17 + k - o*k + 2*k. What are the prime factors of i(-15)?
2, 7
Suppose 10*b - 48 = 16*b. List the prime factors of 2/4 - 308/b.
3, 13
Let k be 1/1*3/1. Suppose -2*m - k*t + 11 = 0, 2 = -3*t - 1. Suppose -1 + m = q. List the prime factors of q.
2, 3
Let z = -77 + 218. Suppose -u + z = -8. What are the prime factors of u?
149
Suppose 2*o - 6 = 0, -o = b + 6 - 0. What are the prime factors of (-436)/(-18) + 2/b?
2, 3
Let o = -12 - -12. Suppose -6*y + 4*y = o. Suppose 0 = 2*x - v - 71, y = -2*x + 4*v - 2*v + 76. List the prime factors of x.
3, 11
List the prime factors of 1419/5 + 17/85.
2, 71
Let l = 6 + -3. Suppose 0 = -0*f + l*f - 6. Suppose -2*h = -f*q + 142, 3*q = -4*h - 140 + 374. What are the prime factors of q?
2, 37
Let l(y) = 117 + 109 + 108 + 7*y - 343. Let v be (2 + 0)/2 + 3. List the prime factors of l(v).
19
Let d be -5*(4 + -9 + 4). Suppose -5*s + 6*u + 195 = u, -d*s = -3*u - 195. List the prime factors of s.
3, 13
List the prime factors of 1022/1 + (-15)/((-150)/40).
2, 3, 19
Let g(o) = 6*o**3 - 305*o**2 - 2 + 305*o**2 + 3*o. List the prime factors of g(2).
2, 13
What are the prime factors of 2/((8418/2802 - 3)/2)?
2, 467
Suppose -x + 3 - 1 = 0. Suppose a - x*c = -2*a + 85, 0 = -3*c - 6. What are the prime factors of a?
3
Let i(f) = f + 3. Let q be i(1). Suppose 5*p + 4*r = 5*r + 10, -p + 2 = -q*r. Suppose p*j - 112 = -2*j. List the prime factors of j.
2, 7
Suppose g = 2*y + 2, 3*y + 2*y + g = -12. What are the prime factors of (y + 0)/(5 + (-2294)/458)?
229
Suppose 730 = 4*w - 938. Let d = w + -162. What are the prime factors of 8/10*d/6?
2, 17
Suppose -r + 3*y + 6 = -3, r - 11 = y. Suppose -r*m = 476 - 1496. List the prime factors of m.
5, 17
Let l(m) = -16*m - 103. What are the prime factors of l(-15)?
137
What are the prime factors of 5/((-5)/192)*372/(-496)?
2, 3
Suppose s + 27 = h, -2*s + 105 = 3*h + 3*s. List the prime factors of h.
2, 3, 5
What are the prime factors of 5/(-105)*-12 - (-38070)/42?
907
What are the prime factors of 1078 - 2*(-4)/(14/(-7))?
2, 3, 179
Let y = 12 + -14. List the prime factors of (y + -16)*-1*1.
2, 3
Let a(r) = -r**2 - 24*r + 3. Let q be -8 - ((-3)/6)/((-2)/4). List the prime factors of a(q).
2, 3, 23
Let p(h) = 500*h - 71. List the prime factors of p(4).
3, 643
Let p(u) = -71*u - 87. List the prime factors of p(-7).
2, 5, 41
Suppose 2*n - 229 = -n + 2*c, 2*c + 152 = 2*n. What are the prime factors of n?
7, 11
Let t(d) = -d**3 + 3*d**2 + 3*d + 10. Let x be t(-4). Suppose -4*o - 5*u + 1300 = 0, 5*u = -3*o + 1090 - x. List the prime factors of o.
2, 5
Suppose 0*s = 3*t + 4*s - 2, -4*t + 4 = 4*s. Suppose 5*b + 3*c = 932, t*b - 274 = c + 101. List the prime factors of b.
11, 17
Suppose -7 - 18 = 5*s, 4*s - 12 = -4*i. Let o be ((-32)/(-3))/(i/36). Suppose 4*k + o = 6*k. List the prime factors of k.
2, 3
Suppose t + 4 = -2*p + 3, 2*p = -2*t. List the prime factors of -3*(-3 + t - -1) - -76.
79
Let v(h) = 2*h**2 + h + 12. Let p = -59 - -66. What are the prime factors of v(p)?
3, 13
Suppose -3 - 15 = -3*w. Suppose w*h = h + 355. List the prime factors of h.
71
Let i = -176 + 40. Let v = i - -259. List the prime factors of v.
3, 41
Let o(c) = 7*c - 6*c**2 - 4*c + 5 - 2 + 5*c**2. Let m be o(3). Suppose 0 = 2*l - 2*q - 62, 3*l = m*q - 2*q + 103. What are the prime factors of l?
2, 3
Let x = -3047 + 7769. List the prime factors of x.
2, 3, 787
Let t(c) = 31*c. Let q be t(1). Let i(f) = 2*f**3 - 4*f**2 + 4*f - 4. Let a be i(4). Let s = a - q. What are the prime factors of s?
3, 5
Let a(t) = 13*t**2 - 73*t - 898. What are the prime factors of a(-18)?
2, 13, 89
Let c = -854 - -1674. What are the prime factors of c?
2, 5, 41
What are the prime factors of (10/(-5))/(-4)*2302 - -6?
13, 89
Let g = 16012 - 11219. List the prime factors of g.
4793
Let v = -3036 + 1812. List the prime factors of (-7)/(49/(-2)) + v/(-28).
2, 11
Suppose -18 - 178 = -4*d. Let m = d - -163. Suppose -3*f - 20 = -m. List the prime factors of f.
2
List the prime factors of (-125610)/(-170) + 0 + (-4)/(-34).
739
Suppose 3*q + 2*s - 1986 = -q, -4*s - 12 = 0. List the prime factors of q.
2, 3, 83
Suppose -14 = -2*v - 0. Let r = v + -32. What are the prime factors of (-4)/(-10) - 690/r?
2, 7
Let k(w) be the second derivative of -w**4/12 - w**3/6 + 21*w**2 - 7*w. Let q(x) = x**3 + 5*x**2 - 8*x - 12. Let z be q(-6). List the prime factors of k(z).
2, 3, 7
Let v(w) = w**2 + 52*w + 542. List the prime factors of v(0).
2, 271
Suppose 3*v - 8*v - f + 23 = 0, -f = -3*v + 9. Suppose -v = 2*c - 4*c. What are the prime factors of 2 + (c/(-2) - -65)?
2, 3, 11
Suppose 0 = -6*l + 7*l - 3. Suppose -2*r + 25 = 3*j, -l*r = -0*j + 2*j - 25. Suppose 2*n - 136 + 53 = -b, j*b = -25. List the prime factors of n.
2, 11
Let o(u) be the third derivative of 17*u**7/840 + u**5/60 - u**4/24 - u**3/6 + 5*u**2. Let r(x) be the first derivative of o(x). List the prime factors of r(1).
2, 3
Let d(n) = -n**2 - 17*n + 11. Let x be d(-16). Suppose 0 = 33*u - x*u - 912. List the prime factors of u.
2, 19
List the prime factors of (-866986)/(-205) + (2 - 33/15).
4229
Suppose -3*b + 4*b - 2 = 0. What are the prime factors of (2/8)/(b/632)?
79
Let h = 9 - 3. Suppose -h = -2*q - 0*q. Let p(j) = j**3 - 2*j - 7. List the prime factors of p(q).
2, 7
Suppose -v = -4*m - 3, 5*m = -2*v + 52 - 7. Suppose 3*g = -7 + 22. Suppose -g*a + 0 = -v. List the prime factors of a.
3
Let l = -122 - -131. Let k = 153 - l. What are the prime factors of k?
2, 3
Let a(l) = 228*l - 4. Suppose 2*w + 0*y = 2*y, 2*w - 3 = -y. What are the prime factors of a(w)?
2, 7
Let c = -167 + 179. Let w(a) be the first derivative of -a**4/4 + 11*a**3/3 + 17*a**2/2 - 6*a + 1. What are the prime factors of w(c)?
2, 3
Suppose -5*r = 4*u - 37, 7 + 11 = 3*r + u. Let w(s) = 3*s**3 + 3*s**2 + 3*s - 3. Let m be w(r). What are the prime factors of m/(-44)*(-24)/7?
2, 3
Suppose 2*h - 470 = -3*h. Suppose -5*m + h - 30 = d, 5*d + 3*m - 320 = 0. What are the prime factors of d?
2
Suppose 11*k + 44*k = 53295. List the prime fact